{"id":65,"date":"2025-08-28T08:59:20","date_gmt":"2025-08-28T06:59:20","guid":{"rendered":"https:\/\/rocksenterprise.com\/?page_id=65"},"modified":"2025-09-10T10:07:00","modified_gmt":"2025-09-10T08:07:00","slug":"politique-de-cookies","status":"publish","type":"page","link":"https:\/\/rocksenterprise.com\/Rocks\/politique-de-cookies\/","title":{"rendered":"Politique de cookies"},"content":{"rendered":"\t\t<div data-elementor-type=\"wp-page\" data-elementor-id=\"65\" class=\"elementor elementor-65\" data-elementor-post-type=\"page\">\n\t\t\t\t<div class=\"elementor-element elementor-element-30a6bdf e-flex e-con-boxed e-con e-parent\" data-id=\"30a6bdf\" data-element_type=\"container\" data-e-type=\"container\" data-settings=\"{&quot;background_background&quot;:&quot;classic&quot;}\">\n\t\t\t\t\t<div class=\"e-con-inner\">\n\t\t\t\t<div class=\"elementor-element elementor-element-632e0a5 elementor-widget elementor-widget-heading\" data-id=\"632e0a5\" data-element_type=\"widget\" data-e-type=\"widget\" data-widget_type=\"heading.default\">\n\t\t\t\t<div class=\"elementor-widget-container\">\n\t\t\t\t\t<h1 class=\"elementor-heading-title elementor-size-default\">Politique de cookies<\/h1>\t\t\t\t<\/div>\n\t\t\t\t<\/div>\n\t\t\t\t\t<\/div>\n\t\t\t\t<\/div>\n\t\t<div class=\"elementor-element elementor-element-a9f4e4f e-flex e-con-boxed e-con e-parent\" data-id=\"a9f4e4f\" data-element_type=\"container\" data-e-type=\"container\">\n\t\t\t\t\t<div class=\"e-con-inner\">\n\t\t\t\t<div class=\"elementor-element elementor-element-865499e elementor-widget elementor-widget-text-editor\" data-id=\"865499e\" data-element_type=\"widget\" data-e-type=\"widget\" data-widget_type=\"text-editor.default\">\n\t\t\t\t<div class=\"elementor-widget-container\">\n\t\t\t\t\t\t\t\t\t<p>Lors de votre navigation sur le site de ROCKS Enterprise, des cookies ou technologies similaires peuvent \u00eatre d\u00e9pos\u00e9s sur votre terminal (ordinateur, mobile, tablette).<\/p><p>La pr\u00e9sente politique de cookies vous explique comment et pourquoi nous utilisons ces traceurs, et comment vous pouvez les g\u00e9rer. Qu\u2019est-ce qu\u2019un cookie ? Un cookie est un petit fichier texte que le site web que vous visitez enregistre sur votre appareil (ordinateur, smartphone, etc.). Il permet au site de m\u00e9moriser certaines de vos actions et pr\u00e9f\u00e9rences (comme vos identifiants, votre langue, etc.) pendant une dur\u00e9e donn\u00e9e, pour am\u00e9liorer votre exp\u00e9rience de navigation.<\/p>\t\t\t\t\t\t\t\t<\/div>\n\t\t\t\t<\/div>\n\t\t\t\t<div class=\"elementor-element elementor-element-fcd65b1 elementor-widget elementor-widget-heading\" data-id=\"fcd65b1\" data-element_type=\"widget\" data-e-type=\"widget\" data-widget_type=\"heading.default\">\n\t\t\t\t<div class=\"elementor-widget-container\">\n\t\t\t\t\t<h3 class=\"elementor-heading-title elementor-size-default\">Types de cookies utilis\u00e9s<\/h3>\t\t\t\t<\/div>\n\t\t\t\t<\/div>\n\t\t\t\t<div class=\"elementor-element elementor-element-f52b405 elementor-widget elementor-widget-text-editor\" data-id=\"f52b405\" data-element_type=\"widget\" data-e-type=\"widget\" data-widget_type=\"text-editor.default\">\n\t\t\t\t<div class=\"elementor-widget-container\">\n\t\t\t\t\t\t\t\t\t<p>Nous utilisons diff\u00e9rents types de cookies sur notre site :<\/p>\t\t\t\t\t\t\t\t<\/div>\n\t\t\t\t<\/div>\n\t\t\t\t<div class=\"elementor-element elementor-element-de6d7bd elementor-widget elementor-widget-heading\" data-id=\"de6d7bd\" data-element_type=\"widget\" data-e-type=\"widget\" data-widget_type=\"heading.default\">\n\t\t\t\t<div class=\"elementor-widget-container\">\n\t\t\t\t\t<h4 class=\"elementor-heading-title elementor-size-default\">Cookies n\u00e9cessaires au fonctionnement :<\/h4>\t\t\t\t<\/div>\n\t\t\t\t<\/div>\n\t\t\t\t<div class=\"elementor-element elementor-element-23677b1 elementor-widget elementor-widget-text-editor\" data-id=\"23677b1\" data-element_type=\"widget\" data-e-type=\"widget\" data-widget_type=\"text-editor.default\">\n\t\t\t\t<div class=\"elementor-widget-container\">\n\t\t\t\t\t\t\t\t\t<p>Cookies n\u00e9cessaires au fonctionnement : ces cookies sont essentiels pour faire fonctionner le site correctement. Ils vous permettent par exemple d\u2019utiliser le formulaire de contact en conservant les informations saisies le temps de soumettre le formulaire, ou de m\u00e9moriser vos pr\u00e9f\u00e9rences en mati\u00e8re de cookies. Sans ces cookies, certaines fonctionnalit\u00e9s du site pourraient ne pas fonctionner normalement. Ces cookies n\u2019exigent pas votre consentement pr\u00e9alable car ils sont n\u00e9cessaires au service que vous demandez.<\/p>\t\t\t\t\t\t\t\t<\/div>\n\t\t\t\t<\/div>\n\t\t\t\t<div class=\"elementor-element elementor-element-cb55c97 elementor-widget elementor-widget-heading\" data-id=\"cb55c97\" data-element_type=\"widget\" data-e-type=\"widget\" data-widget_type=\"heading.default\">\n\t\t\t\t<div class=\"elementor-widget-container\">\n\t\t\t\t\t<h4 class=\"elementor-heading-title elementor-size-default\">Cookies de mesure d'audience<\/h4>\t\t\t\t<\/div>\n\t\t\t\t<\/div>\n\t\t\t\t<div class=\"elementor-element elementor-element-8fe987b elementor-widget elementor-widget-text-editor\" data-id=\"8fe987b\" data-element_type=\"widget\" data-e-type=\"widget\" data-widget_type=\"text-editor.default\">\n\t\t\t\t<div class=\"elementor-widget-container\">\n\t\t\t\t\t\t\t\t\t<p>Ces cookies nous aident \u00e0 comprendre comment les visiteurs naviguent sur notre site, quelles pages sont les plus consult\u00e9es, et \u00e0 d\u00e9tecter d\u2019\u00e9ventuels probl\u00e8mes de navigation. Nous utilisons pour cela un outil de statistiques tel que Google Analytics (fourni par Google) ou Matomo (solution open-source h\u00e9berg\u00e9e par nos soins).<\/p>\t\t\t\t\t\t\t\t<\/div>\n\t\t\t\t<\/div>\n\t\t\t\t<div class=\"elementor-element elementor-element-fc85ced elementor-widget elementor-widget-heading\" data-id=\"fc85ced\" data-element_type=\"widget\" data-e-type=\"widget\" data-widget_type=\"heading.default\">\n\t\t\t\t<div class=\"elementor-widget-container\">\n\t\t\t\t\t<h4 class=\"elementor-heading-title elementor-size-default\">Les informations collect\u00e9es<\/h4>\t\t\t\t<\/div>\n\t\t\t\t<\/div>\n\t\t\t\t<div class=\"elementor-element elementor-element-b181513 elementor-widget elementor-widget-text-editor\" data-id=\"b181513\" data-element_type=\"widget\" data-e-type=\"widget\" data-widget_type=\"text-editor.default\">\n\t\t\t\t<div class=\"elementor-widget-container\">\n\t\t\t\t\t\t\t\t\t<p>gr\u00e2ce \u00e0 ces cookies (par exemple, nombre de visites, pages visit\u00e9es, dur\u00e9e de navigation) sont agr\u00e9g\u00e9es et anonymes. Elles nous permettent d\u2019am\u00e9liorer le contenu et l\u2019ergonomie du site. Ces cookies ne sont d\u00e9pos\u00e9s qu\u2019avec votre consentement. Consentement Lors de votre premi\u00e8re visite sur notre site, un bandeau d\u2019information s\u2019affiche pour vous informer de l\u2019utilisation de cookies et vous permettre de param\u00e9trer vos pr\u00e9f\u00e9rences.<\/p><p>Vous pouvez accepter ou refuser l\u2019utilisation des cookies non essentiels (tels que les cookies de mesure d\u2019audience) directement via ce bandeau. Votre choix sera conserv\u00e9 afin que le bandeau ne r\u00e9apparaisse pas \u00e0 chaque visite pendant la dur\u00e9e de validit\u00e9 de votre consentement. Bien entendu, vous pouvez revenir sur votre choix \u00e0 tout moment (voir section suivante).<\/p>\t\t\t\t\t\t\t\t<\/div>\n\t\t\t\t<\/div>\n\t\t\t\t<div class=\"elementor-element elementor-element-9f9ee0b elementor-widget elementor-widget-heading\" data-id=\"9f9ee0b\" data-element_type=\"widget\" data-e-type=\"widget\" data-widget_type=\"heading.default\">\n\t\t\t\t<div class=\"elementor-widget-container\">\n\t\t\t\t\t<h4 class=\"elementor-heading-title elementor-size-default\">Gestion des cookies<\/h4>\t\t\t\t<\/div>\n\t\t\t\t<\/div>\n\t\t\t\t<div class=\"elementor-element elementor-element-a3ddd11 elementor-widget elementor-widget-text-editor\" data-id=\"a3ddd11\" data-element_type=\"widget\" data-e-type=\"widget\" data-widget_type=\"text-editor.default\">\n\t\t\t\t<div class=\"elementor-widget-container\">\n\t\t\t\t\t\t\t\t\t<p>Vous disposez de plusieurs options pour g\u00e9rer ou d\u00e9sactiver les cookies : Param\u00e9trage du navigateur : la plupart des navigateurs web permettent de contr\u00f4ler, de bloquer ou de supprimer les cookies via leurs r\u00e9glages. Vous pouvez consulter le menu d\u2019aide de votre navigateur pour savoir comment ajuster vos pr\u00e9f\u00e9rences en mati\u00e8re de cookies.<\/p><p>Par exemple, vous pouvez configurer votre navigateur pour qu\u2019il vous avertisse lorsque des cookies sont d\u00e9pos\u00e9s, ou pour qu\u2019il les refuse automatiquement. Notez que la d\u00e9sactivation des cookies essentiels (n\u00e9cessaires) peut affecter le fonctionnement du site. Retrait de votre consentement : si vous avez initialement accept\u00e9 les cookies d\u2019audience et souhaitez les refuser par la suite, vous pouvez supprimer les cookies d\u00e9j\u00e0 d\u00e9pos\u00e9s par notre site en utilisant les options de votre navigateur. Ainsi, lors de votre prochaine visite sur notre site, le bandeau de consentement appara\u00eetra de nouveau et vous pourrez exprimer un nouveau choix (accepter ou refuser ces cookies).<\/p>\t\t\t\t\t\t\t\t<\/div>\n\t\t\t\t<\/div>\n\t\t\t\t<div class=\"elementor-element elementor-element-09b5adf elementor-widget elementor-widget-heading\" data-id=\"09b5adf\" data-element_type=\"widget\" data-e-type=\"widget\" data-widget_type=\"heading.default\">\n\t\t\t\t<div class=\"elementor-widget-container\">\n\t\t\t\t\t<h4 class=\"elementor-heading-title elementor-size-default\">Dur\u00e9e de conservation des cookies<\/h4>\t\t\t\t<\/div>\n\t\t\t\t<\/div>\n\t\t\t\t<div class=\"elementor-element elementor-element-5910908 elementor-widget elementor-widget-text-editor\" data-id=\"5910908\" data-element_type=\"widget\" data-e-type=\"widget\" data-widget_type=\"text-editor.default\">\n\t\t\t\t<div class=\"elementor-widget-container\">\n\t\t\t\t\t\t\t\t\t<p>Les cookies ont une dur\u00e9e de vie limit\u00e9e dans le temps. Lorsque nous d\u00e9posons des cookies sur votre navigateur, ceux-ci sont param\u00e9tr\u00e9s pour expirer apr\u00e8s une certaine p\u00e9riode :<\/p><p>Cookies de session : ces cookies (notamment ceux n\u00e9cessaires au fonctionnement) expirent g\u00e9n\u00e9ralement \u00e0 la fermeture de votre navigateur ou au bout de quelques heures.<\/p><p>Cookies de pr\u00e9f\u00e9rence : par exemple, le cookie retenant votre choix d\u2019acceptation ou de refus des cookies peut \u00eatre conserv\u00e9 jusqu\u2019\u00e0 12 mois afin de ne pas vous redemander vos pr\u00e9f\u00e9rences \u00e0 chaque visite.<\/p><p>Cookies de mesure d\u2019audience : ces cookies ont une dur\u00e9e de vie limit\u00e9e \u00e0 13 mois maximum, conform\u00e9ment aux recommandations de la CNIL. Au-del\u00e0 de cette p\u00e9riode, de nouveaux cookies d\u2019audience ne seront d\u00e9pos\u00e9s que si vous retournez sur le site en consentant \u00e0 nouveau.<\/p><p>Pour plus d\u2019informations sur la mani\u00e8re dont nous traitons vos donn\u00e9es personnelles (y compris celles \u00e9ventuellement collect\u00e9es via les cookies), vous pouvez consulter notre Politique de confidentialit\u00e9.<\/p><p>Si vous avez des questions concernant cette politique de cookies, n\u2019h\u00e9sitez pas \u00e0 nous contacter \u00e0 l\u2019adresse contact@rocksenterprise.com.<\/p>\t\t\t\t\t\t\t\t<\/div>\n\t\t\t\t<\/div>\n\t\t\t\t\t<\/div>\n\t\t\t\t<\/div>\n\t\t\t\t<\/div>\n\t\t","protected":false},"excerpt":{"rendered":"<p>Politique de cookies Lors de votre navigation sur le site de ROCKS Enterprise, des cookies ou technologies similaires peuvent \u00eatre d\u00e9pos\u00e9s sur votre terminal (ordinateur, mobile, tablette). La pr\u00e9sente politique de cookies vous explique comment et pourquoi nous utilisons ces traceurs, et comment vous pouvez les g\u00e9rer. Qu\u2019est-ce qu\u2019un cookie ? Un cookie est un [&hellip;]<\/p>\n","protected":false},"author":1,"featured_media":0,"parent":0,"menu_order":0,"comment_status":"closed","ping_status":"closed","template":"","meta":{"footnotes":""},"class_list":["post-65","page","type-page","status-publish","hentry"],"yoast_head":"<!-- This site is optimized with the Yoast SEO plugin v27.3 - https:\/\/yoast.com\/product\/yoast-seo-wordpress\/ -->\n<title>Politique de cookies - ROCKS<\/title>\n<meta name=\"robots\" content=\"index, follow, max-snippet:-1, max-image-preview:large, max-video-preview:-1\" \/>\n<link rel=\"canonical\" href=\"https:\/\/rocksenterprise.com\/Rocks\/politique-de-cookies\/\" \/>\n<meta property=\"og:locale\" content=\"fr_FR\" \/>\n<meta property=\"og:type\" content=\"article\" \/>\n<meta property=\"og:title\" content=\"Politique de cookies - ROCKS\" \/>\n<meta property=\"og:description\" content=\"Politique de cookies Lors de votre navigation sur le site de ROCKS Enterprise, des cookies ou technologies similaires peuvent \u00eatre d\u00e9pos\u00e9s sur votre terminal (ordinateur, mobile, tablette). La pr\u00e9sente politique de cookies vous explique comment et pourquoi nous utilisons ces traceurs, et comment vous pouvez les g\u00e9rer. Qu\u2019est-ce qu\u2019un cookie ? Un cookie est un [&hellip;]\" \/>\n<meta property=\"og:url\" content=\"https:\/\/rocksenterprise.com\/Rocks\/politique-de-cookies\/\" \/>\n<meta property=\"og:site_name\" content=\"ROCKS\" \/>\n<meta property=\"article:modified_time\" content=\"2025-09-10T08:07:00+00:00\" \/>\n<meta name=\"twitter:card\" content=\"summary_large_image\" \/>\n<meta name=\"twitter:label1\" content=\"Dur\u00e9e de lecture estim\u00e9e\" \/>\n\t<meta name=\"twitter:data1\" content=\"4 minutes\" \/>\n<script type=\"application\/ld+json\" class=\"yoast-schema-graph\">{\"@context\":\"https:\\\/\\\/schema.org\",\"@graph\":[{\"@type\":\"WebPage\",\"@id\":\"https:\\\/\\\/rocksenterprise.com\\\/Rocks\\\/politique-de-cookies\\\/\",\"url\":\"https:\\\/\\\/rocksenterprise.com\\\/Rocks\\\/politique-de-cookies\\\/\",\"name\":\"Politique de cookies - ROCKS\",\"isPartOf\":{\"@id\":\"https:\\\/\\\/rocksenterprise.com\\\/Rocks\\\/#website\"},\"datePublished\":\"2025-08-28T06:59:20+00:00\",\"dateModified\":\"2025-09-10T08:07:00+00:00\",\"breadcrumb\":{\"@id\":\"https:\\\/\\\/rocksenterprise.com\\\/Rocks\\\/politique-de-cookies\\\/#breadcrumb\"},\"inLanguage\":\"fr-FR\",\"potentialAction\":[{\"@type\":\"ReadAction\",\"target\":[\"https:\\\/\\\/rocksenterprise.com\\\/Rocks\\\/politique-de-cookies\\\/\"]}]},{\"@type\":\"BreadcrumbList\",\"@id\":\"https:\\\/\\\/rocksenterprise.com\\\/Rocks\\\/politique-de-cookies\\\/#breadcrumb\",\"itemListElement\":[{\"@type\":\"ListItem\",\"position\":1,\"name\":\"Home\",\"item\":\"https:\\\/\\\/rocksenterprise.com\\\/Rocks\\\/\"},{\"@type\":\"ListItem\",\"position\":2,\"name\":\"Politique de cookies\"}]},{\"@type\":\"WebSite\",\"@id\":\"https:\\\/\\\/rocksenterprise.com\\\/Rocks\\\/#website\",\"url\":\"https:\\\/\\\/rocksenterprise.com\\\/Rocks\\\/\",\"name\":\"ROCKS\",\"description\":\"Votre bureau d&#039;\u00e9tude et D\u00e9veloppement\",\"publisher\":{\"@id\":\"https:\\\/\\\/rocksenterprise.com\\\/Rocks\\\/#organization\"},\"potentialAction\":[{\"@type\":\"SearchAction\",\"target\":{\"@type\":\"EntryPoint\",\"urlTemplate\":\"https:\\\/\\\/rocksenterprise.com\\\/Rocks\\\/?s={search_term_string}\"},\"query-input\":{\"@type\":\"PropertyValueSpecification\",\"valueRequired\":true,\"valueName\":\"search_term_string\"}}],\"inLanguage\":\"fr-FR\"},{\"@type\":\"Organization\",\"@id\":\"https:\\\/\\\/rocksenterprise.com\\\/Rocks\\\/#organization\",\"name\":\"ROCKS Enterprise\",\"url\":\"https:\\\/\\\/rocksenterprise.com\\\/Rocks\\\/\",\"logo\":{\"@type\":\"ImageObject\",\"inLanguage\":\"fr-FR\",\"@id\":\"https:\\\/\\\/rocksenterprise.com\\\/Rocks\\\/#\\\/schema\\\/logo\\\/image\\\/\",\"url\":\"https:\\\/\\\/rocksenterprise.com\\\/wp-content\\\/uploads\\\/2025\\\/05\\\/ROCKS-logo-long-bleu-nuit-fond-blanc.jpeg\",\"contentUrl\":\"https:\\\/\\\/rocksenterprise.com\\\/wp-content\\\/uploads\\\/2025\\\/05\\\/ROCKS-logo-long-bleu-nuit-fond-blanc.jpeg\",\"width\":14869,\"height\":5525,\"caption\":\"ROCKS Enterprise\"},\"image\":{\"@id\":\"https:\\\/\\\/rocksenterprise.com\\\/Rocks\\\/#\\\/schema\\\/logo\\\/image\\\/\"}}]}<\/script>\n<!-- \/ Yoast SEO plugin. -->","yoast_head_json":{"title":"Politique de cookies - ROCKS","robots":{"index":"index","follow":"follow","max-snippet":"max-snippet:-1","max-image-preview":"max-image-preview:large","max-video-preview":"max-video-preview:-1"},"canonical":"https:\/\/rocksenterprise.com\/Rocks\/politique-de-cookies\/","og_locale":"fr_FR","og_type":"article","og_title":"Politique de cookies - ROCKS","og_description":"Politique de cookies Lors de votre navigation sur le site de ROCKS Enterprise, des cookies ou technologies similaires peuvent \u00eatre d\u00e9pos\u00e9s sur votre terminal (ordinateur, mobile, tablette). La pr\u00e9sente politique de cookies vous explique comment et pourquoi nous utilisons ces traceurs, et comment vous pouvez les g\u00e9rer. Qu\u2019est-ce qu\u2019un cookie ? Un cookie est un [&hellip;]","og_url":"https:\/\/rocksenterprise.com\/Rocks\/politique-de-cookies\/","og_site_name":"ROCKS","article_modified_time":"2025-09-10T08:07:00+00:00","twitter_card":"summary_large_image","twitter_misc":{"Dur\u00e9e de lecture estim\u00e9e":"4 minutes"},"schema":{"@context":"https:\/\/schema.org","@graph":[{"@type":"WebPage","@id":"https:\/\/rocksenterprise.com\/Rocks\/politique-de-cookies\/","url":"https:\/\/rocksenterprise.com\/Rocks\/politique-de-cookies\/","name":"Politique de cookies - ROCKS","isPartOf":{"@id":"https:\/\/rocksenterprise.com\/Rocks\/#website"},"datePublished":"2025-08-28T06:59:20+00:00","dateModified":"2025-09-10T08:07:00+00:00","breadcrumb":{"@id":"https:\/\/rocksenterprise.com\/Rocks\/politique-de-cookies\/#breadcrumb"},"inLanguage":"fr-FR","potentialAction":[{"@type":"ReadAction","target":["https:\/\/rocksenterprise.com\/Rocks\/politique-de-cookies\/"]}]},{"@type":"BreadcrumbList","@id":"https:\/\/rocksenterprise.com\/Rocks\/politique-de-cookies\/#breadcrumb","itemListElement":[{"@type":"ListItem","position":1,"name":"Home","item":"https:\/\/rocksenterprise.com\/Rocks\/"},{"@type":"ListItem","position":2,"name":"Politique de cookies"}]},{"@type":"WebSite","@id":"https:\/\/rocksenterprise.com\/Rocks\/#website","url":"https:\/\/rocksenterprise.com\/Rocks\/","name":"ROCKS","description":"Votre bureau d&#039;\u00e9tude et D\u00e9veloppement","publisher":{"@id":"https:\/\/rocksenterprise.com\/Rocks\/#organization"},"potentialAction":[{"@type":"SearchAction","target":{"@type":"EntryPoint","urlTemplate":"https:\/\/rocksenterprise.com\/Rocks\/?s={search_term_string}"},"query-input":{"@type":"PropertyValueSpecification","valueRequired":true,"valueName":"search_term_string"}}],"inLanguage":"fr-FR"},{"@type":"Organization","@id":"https:\/\/rocksenterprise.com\/Rocks\/#organization","name":"ROCKS Enterprise","url":"https:\/\/rocksenterprise.com\/Rocks\/","logo":{"@type":"ImageObject","inLanguage":"fr-FR","@id":"https:\/\/rocksenterprise.com\/Rocks\/#\/schema\/logo\/image\/","url":"https:\/\/rocksenterprise.com\/wp-content\/uploads\/2025\/05\/ROCKS-logo-long-bleu-nuit-fond-blanc.jpeg","contentUrl":"https:\/\/rocksenterprise.com\/wp-content\/uploads\/2025\/05\/ROCKS-logo-long-bleu-nuit-fond-blanc.jpeg","width":14869,"height":5525,"caption":"ROCKS Enterprise"},"image":{"@id":"https:\/\/rocksenterprise.com\/Rocks\/#\/schema\/logo\/image\/"}}]}},"_links":{"self":[{"href":"https:\/\/rocksenterprise.com\/Rocks\/wp-json\/wp\/v2\/pages\/65","targetHints":{"allow":["GET"]}}],"collection":[{"href":"https:\/\/rocksenterprise.com\/Rocks\/wp-json\/wp\/v2\/pages"}],"about":[{"href":"https:\/\/rocksenterprise.com\/Rocks\/wp-json\/wp\/v2\/types\/page"}],"author":[{"embeddable":true,"href":"https:\/\/rocksenterprise.com\/Rocks\/wp-json\/wp\/v2\/users\/1"}],"replies":[{"embeddable":true,"href":"https:\/\/rocksenterprise.com\/Rocks\/wp-json\/wp\/v2\/comments?post=65"}],"version-history":[{"count":1,"href":"https:\/\/rocksenterprise.com\/Rocks\/wp-json\/wp\/v2\/pages\/65\/revisions"}],"predecessor-version":[{"id":484,"href":"https:\/\/rocksenterprise.com\/Rocks\/wp-json\/wp\/v2\/pages\/65\/revisions\/484"}],"wp:attachment":[{"href":"https:\/\/rocksenterprise.com\/Rocks\/wp-json\/wp\/v2\/media?parent=65"}],"curies":[{"name":"wp","href":"https:\/\/api.w.org\/{rel}","templated":true}]}}