{"id":63,"date":"2025-08-28T08:58:33","date_gmt":"2025-08-28T06:58:33","guid":{"rendered":"https:\/\/rocksenterprise.com\/?page_id=63"},"modified":"2025-08-29T17:32:09","modified_gmt":"2025-08-29T15:32:09","slug":"mentions-legales","status":"publish","type":"page","link":"https:\/\/rocksenterprise.com\/Rocks\/mentions-legales\/","title":{"rendered":"Mentions l\u00e9gales"},"content":{"rendered":"\t\t<div data-elementor-type=\"wp-page\" data-elementor-id=\"63\" class=\"elementor elementor-63\" data-elementor-post-type=\"page\">\n\t\t\t\t<div class=\"elementor-element elementor-element-7e4f6b8 e-flex e-con-boxed e-con e-parent\" data-id=\"7e4f6b8\" data-element_type=\"container\" data-e-type=\"container\" data-settings=\"{&quot;background_background&quot;:&quot;classic&quot;}\">\n\t\t\t\t\t<div class=\"e-con-inner\">\n\t\t\t\t<div class=\"elementor-element elementor-element-10854af elementor-widget elementor-widget-heading\" data-id=\"10854af\" data-element_type=\"widget\" data-e-type=\"widget\" data-widget_type=\"heading.default\">\n\t\t\t\t<div class=\"elementor-widget-container\">\n\t\t\t\t\t<h2 class=\"elementor-heading-title elementor-size-default\">Mention L\u00e9gales<\/h2>\t\t\t\t<\/div>\n\t\t\t\t<\/div>\n\t\t\t\t\t<\/div>\n\t\t\t\t<\/div>\n\t\t<div class=\"elementor-element elementor-element-4b0b5c0 e-flex e-con-boxed e-con e-parent\" data-id=\"4b0b5c0\" data-element_type=\"container\" data-e-type=\"container\">\n\t\t\t\t\t<div class=\"e-con-inner\">\n\t\t\t\t<div class=\"elementor-element elementor-element-a1d14df elementor-widget elementor-widget-heading\" data-id=\"a1d14df\" data-element_type=\"widget\" data-e-type=\"widget\" data-widget_type=\"heading.default\">\n\t\t\t\t<div class=\"elementor-widget-container\">\n\t\t\t\t\t<h3 class=\"elementor-heading-title elementor-size-default\">1. \u00c9diteur du site<\/h3>\t\t\t\t<\/div>\n\t\t\t\t<\/div>\n\t\t\t\t<div class=\"elementor-element elementor-element-8b8f3d5 elementor-widget elementor-widget-text-editor\" data-id=\"8b8f3d5\" data-element_type=\"widget\" data-e-type=\"widget\" data-widget_type=\"text-editor.default\">\n\t\t\t\t<div class=\"elementor-widget-container\">\n\t\t\t\t\t\t\t\t\t<p><strong data-start=\"473\" data-end=\"491\">Raison sociale<\/strong> : Rocks Enterprise<br data-start=\"510\" data-end=\"513\" \/><strong data-start=\"513\" data-end=\"532\">Forme juridique<\/strong> : SARL<br data-start=\"582\" data-end=\"585\" \/><strong data-start=\"585\" data-end=\"596\">Adresse<\/strong> : 11 rue du docteur Labarri\u00e8re 78300 Poissy FRANCE<br data-start=\"625\" data-end=\"628\" \/><strong data-start=\"628\" data-end=\"641\">T\u00e9l\u00e9phone<\/strong> : [num\u00e9ro]<br data-start=\"652\" data-end=\"655\" \/><strong data-start=\"655\" data-end=\"664\">Email<\/strong> : [email]<br data-start=\"674\" data-end=\"677\" \/><strong data-start=\"677\" data-end=\"707\">Responsable de publication<\/strong> : St\u00e9phane Raux<\/p>\t\t\t\t\t\t\t\t<\/div>\n\t\t\t\t<\/div>\n\t\t\t\t<div class=\"elementor-element elementor-element-9c8b6d1 elementor-widget elementor-widget-heading\" data-id=\"9c8b6d1\" data-element_type=\"widget\" data-e-type=\"widget\" data-widget_type=\"heading.default\">\n\t\t\t\t<div class=\"elementor-widget-container\">\n\t\t\t\t\t<h3 class=\"elementor-heading-title elementor-size-default\">2. H\u00e9bergement<\/h3>\t\t\t\t<\/div>\n\t\t\t\t<\/div>\n\t\t\t\t<div class=\"elementor-element elementor-element-4445ade elementor-widget elementor-widget-text-editor\" data-id=\"4445ade\" data-element_type=\"widget\" data-e-type=\"widget\" data-widget_type=\"text-editor.default\">\n\t\t\t\t<div class=\"elementor-widget-container\">\n\t\t\t\t\t\t\t\t\t<p><strong data-start=\"754\" data-end=\"767\">H\u00e9bergeur<\/strong> : LWS (Ligne Web Services)<br data-start=\"794\" data-end=\"797\" \/><strong data-start=\"797\" data-end=\"808\">Adresse<\/strong> : 10, Rue Penthi\u00e8vre, 75008 Paris, France<br data-start=\"850\" data-end=\"853\" \/><strong data-start=\"853\" data-end=\"865\">Site web<\/strong> : <a class=\"decorated-link cursor-pointer\" href=\"https:\/\/www.lws.fr\" target=\"_new\" rel=\"noopener\" data-start=\"868\" data-end=\"908\">https:\/\/www.lws.fr<\/a><\/p>\t\t\t\t\t\t\t\t<\/div>\n\t\t\t\t<\/div>\n\t\t\t\t<div class=\"elementor-element elementor-element-2fe5d32 elementor-widget elementor-widget-heading\" data-id=\"2fe5d32\" data-element_type=\"widget\" data-e-type=\"widget\" data-widget_type=\"heading.default\">\n\t\t\t\t<div class=\"elementor-widget-container\">\n\t\t\t\t\t<h3 class=\"elementor-heading-title elementor-size-default\">3. Propri\u00e9t\u00e9 intellectuelle<\/h3>\t\t\t\t<\/div>\n\t\t\t\t<\/div>\n\t\t\t\t<div class=\"elementor-element elementor-element-34ccad8 elementor-widget elementor-widget-text-editor\" data-id=\"34ccad8\" data-element_type=\"widget\" data-e-type=\"widget\" data-widget_type=\"text-editor.default\">\n\t\t\t\t<div class=\"elementor-widget-container\">\n\t\t\t\t\t\t\t\t\t<p>Tous les contenus (textes, images, vid\u00e9os, logos, \u00e9l\u00e9ments graphiques) pr\u00e9sents sur ce site sont la propri\u00e9t\u00e9 exclusive de Rocks Enterprise ou de ses partenaires, sauf mention contraire.<br data-start=\"1138\" data-end=\"1141\" \/>Toute reproduction, repr\u00e9sentation, modification ou adaptation, partielle ou totale, est interdite sans autorisation pr\u00e9alable.<\/p>\t\t\t\t\t\t\t\t<\/div>\n\t\t\t\t<\/div>\n\t\t\t\t<div class=\"elementor-element elementor-element-cd036c9 elementor-widget elementor-widget-heading\" data-id=\"cd036c9\" data-element_type=\"widget\" data-e-type=\"widget\" data-widget_type=\"heading.default\">\n\t\t\t\t<div class=\"elementor-widget-container\">\n\t\t\t\t\t<h3 class=\"elementor-heading-title elementor-size-default\">4. Donn\u00e9es personnelles<\/h3>\t\t\t\t<\/div>\n\t\t\t\t<\/div>\n\t\t\t\t<div class=\"elementor-element elementor-element-28b4666 elementor-widget elementor-widget-text-editor\" data-id=\"28b4666\" data-element_type=\"widget\" data-e-type=\"widget\" data-widget_type=\"text-editor.default\">\n\t\t\t\t<div class=\"elementor-widget-container\">\n\t\t\t\t\t\t\t\t\t<p data-start=\"1308\" data-end=\"1643\">Les donn\u00e9es collect\u00e9es via nos formulaires sont uniquement utilis\u00e9es pour r\u00e9pondre aux demandes des utilisateurs.<br data-start=\"1421\" data-end=\"1424\" \/>Aucune donn\u00e9e n\u2019est transmise \u00e0 des tiers sans consentement.<br data-start=\"1484\" data-end=\"1487\" \/>Conform\u00e9ment \u00e0 la loi Informatique et Libert\u00e9s et au RGPD, vous disposez d\u2019un droit d\u2019acc\u00e8s, de rectification et de suppression de vos donn\u00e9es personnelles.<\/p><p data-start=\"1645\" data-end=\"1694\">Pour exercer vos droits : [email RGPD de contact]<\/p>\t\t\t\t\t\t\t\t<\/div>\n\t\t\t\t<\/div>\n\t\t\t\t<div class=\"elementor-element elementor-element-65e8a4b elementor-widget elementor-widget-heading\" data-id=\"65e8a4b\" data-element_type=\"widget\" data-e-type=\"widget\" data-widget_type=\"heading.default\">\n\t\t\t\t<div class=\"elementor-widget-container\">\n\t\t\t\t\t<h3 class=\"elementor-heading-title elementor-size-default\">5. Cookies<\/h3>\t\t\t\t<\/div>\n\t\t\t\t<\/div>\n\t\t\t\t<div class=\"elementor-element elementor-element-1f564e8 elementor-widget elementor-widget-text-editor\" data-id=\"1f564e8\" data-element_type=\"widget\" data-e-type=\"widget\" data-widget_type=\"text-editor.default\">\n\t\t\t\t<div class=\"elementor-widget-container\">\n\t\t\t\t\t\t\t\t\t<p>Ce site utilise des cookies \u00e0 des fins de fonctionnement, de mesure d\u2019audience et de personnalisation de l\u2019exp\u00e9rience utilisateur.<br data-start=\"1851\" data-end=\"1854\" \/>Vous pouvez g\u00e9rer vos pr\u00e9f\u00e9rences \u00e0 tout moment dans notre <a href=\"https:\/\/rocksenterprise.com\/Rocks\/politique-de-cookies\/\">[politique de cookies]<\/a>.<\/p>\t\t\t\t\t\t\t\t<\/div>\n\t\t\t\t<\/div>\n\t\t\t\t\t<\/div>\n\t\t\t\t<\/div>\n\t\t\t\t<\/div>\n\t\t","protected":false},"excerpt":{"rendered":"<p>Mention L\u00e9gales 1. \u00c9diteur du site Raison sociale : Rocks EnterpriseForme juridique : SARLAdresse : 11 rue du docteur Labarri\u00e8re 78300 Poissy FRANCET\u00e9l\u00e9phone : [num\u00e9ro]Email : [email]Responsable de publication : St\u00e9phane Raux 2. H\u00e9bergement H\u00e9bergeur : LWS (Ligne Web Services)Adresse : 10, Rue Penthi\u00e8vre, 75008 Paris, FranceSite web : https:\/\/www.lws.fr 3. Propri\u00e9t\u00e9 intellectuelle Tous les [&hellip;]<\/p>\n","protected":false},"author":1,"featured_media":0,"parent":0,"menu_order":0,"comment_status":"closed","ping_status":"closed","template":"","meta":{"footnotes":""},"class_list":["post-63","page","type-page","status-publish","hentry"],"yoast_head":"<!-- This site is optimized with the Yoast SEO plugin v27.3 - https:\/\/yoast.com\/product\/yoast-seo-wordpress\/ -->\n<title>Mentions l\u00e9gales - ROCKS<\/title>\n<meta name=\"robots\" content=\"index, follow, max-snippet:-1, max-image-preview:large, max-video-preview:-1\" \/>\n<link rel=\"canonical\" href=\"https:\/\/rocksenterprise.com\/Rocks\/mentions-legales\/\" \/>\n<meta property=\"og:locale\" content=\"fr_FR\" \/>\n<meta property=\"og:type\" content=\"article\" \/>\n<meta property=\"og:title\" content=\"Mentions l\u00e9gales - ROCKS\" \/>\n<meta property=\"og:description\" content=\"Mention L\u00e9gales 1. \u00c9diteur du site Raison sociale : Rocks EnterpriseForme juridique : SARLAdresse : 11 rue du docteur Labarri\u00e8re 78300 Poissy FRANCET\u00e9l\u00e9phone : [num\u00e9ro]Email : [email]Responsable de publication : St\u00e9phane Raux 2. H\u00e9bergement H\u00e9bergeur : LWS (Ligne Web Services)Adresse : 10, Rue Penthi\u00e8vre, 75008 Paris, FranceSite web : https:\/\/www.lws.fr 3. Propri\u00e9t\u00e9 intellectuelle Tous les [&hellip;]\" \/>\n<meta property=\"og:url\" content=\"https:\/\/rocksenterprise.com\/Rocks\/mentions-legales\/\" \/>\n<meta property=\"og:site_name\" content=\"ROCKS\" \/>\n<meta property=\"article:modified_time\" content=\"2025-08-29T15:32:09+00:00\" \/>\n<meta name=\"twitter:card\" content=\"summary_large_image\" \/>\n<meta name=\"twitter:label1\" content=\"Dur\u00e9e de lecture estim\u00e9e\" \/>\n\t<meta name=\"twitter:data1\" content=\"1 minute\" \/>\n<script type=\"application\/ld+json\" class=\"yoast-schema-graph\">{\"@context\":\"https:\\\/\\\/schema.org\",\"@graph\":[{\"@type\":\"WebPage\",\"@id\":\"https:\\\/\\\/rocksenterprise.com\\\/Rocks\\\/mentions-legales\\\/\",\"url\":\"https:\\\/\\\/rocksenterprise.com\\\/Rocks\\\/mentions-legales\\\/\",\"name\":\"Mentions l\u00e9gales - ROCKS\",\"isPartOf\":{\"@id\":\"https:\\\/\\\/rocksenterprise.com\\\/Rocks\\\/#website\"},\"datePublished\":\"2025-08-28T06:58:33+00:00\",\"dateModified\":\"2025-08-29T15:32:09+00:00\",\"breadcrumb\":{\"@id\":\"https:\\\/\\\/rocksenterprise.com\\\/Rocks\\\/mentions-legales\\\/#breadcrumb\"},\"inLanguage\":\"fr-FR\",\"potentialAction\":[{\"@type\":\"ReadAction\",\"target\":[\"https:\\\/\\\/rocksenterprise.com\\\/Rocks\\\/mentions-legales\\\/\"]}]},{\"@type\":\"BreadcrumbList\",\"@id\":\"https:\\\/\\\/rocksenterprise.com\\\/Rocks\\\/mentions-legales\\\/#breadcrumb\",\"itemListElement\":[{\"@type\":\"ListItem\",\"position\":1,\"name\":\"Home\",\"item\":\"https:\\\/\\\/rocksenterprise.com\\\/Rocks\\\/\"},{\"@type\":\"ListItem\",\"position\":2,\"name\":\"Mentions l\u00e9gales\"}]},{\"@type\":\"WebSite\",\"@id\":\"https:\\\/\\\/rocksenterprise.com\\\/Rocks\\\/#website\",\"url\":\"https:\\\/\\\/rocksenterprise.com\\\/Rocks\\\/\",\"name\":\"ROCKS\",\"description\":\"Votre bureau d&#039;\u00e9tude et D\u00e9veloppement\",\"publisher\":{\"@id\":\"https:\\\/\\\/rocksenterprise.com\\\/Rocks\\\/#organization\"},\"potentialAction\":[{\"@type\":\"SearchAction\",\"target\":{\"@type\":\"EntryPoint\",\"urlTemplate\":\"https:\\\/\\\/rocksenterprise.com\\\/Rocks\\\/?s={search_term_string}\"},\"query-input\":{\"@type\":\"PropertyValueSpecification\",\"valueRequired\":true,\"valueName\":\"search_term_string\"}}],\"inLanguage\":\"fr-FR\"},{\"@type\":\"Organization\",\"@id\":\"https:\\\/\\\/rocksenterprise.com\\\/Rocks\\\/#organization\",\"name\":\"ROCKS Enterprise\",\"url\":\"https:\\\/\\\/rocksenterprise.com\\\/Rocks\\\/\",\"logo\":{\"@type\":\"ImageObject\",\"inLanguage\":\"fr-FR\",\"@id\":\"https:\\\/\\\/rocksenterprise.com\\\/Rocks\\\/#\\\/schema\\\/logo\\\/image\\\/\",\"url\":\"https:\\\/\\\/rocksenterprise.com\\\/wp-content\\\/uploads\\\/2025\\\/05\\\/ROCKS-logo-long-bleu-nuit-fond-blanc.jpeg\",\"contentUrl\":\"https:\\\/\\\/rocksenterprise.com\\\/wp-content\\\/uploads\\\/2025\\\/05\\\/ROCKS-logo-long-bleu-nuit-fond-blanc.jpeg\",\"width\":14869,\"height\":5525,\"caption\":\"ROCKS Enterprise\"},\"image\":{\"@id\":\"https:\\\/\\\/rocksenterprise.com\\\/Rocks\\\/#\\\/schema\\\/logo\\\/image\\\/\"}}]}<\/script>\n<!-- \/ Yoast SEO plugin. -->","yoast_head_json":{"title":"Mentions l\u00e9gales - ROCKS","robots":{"index":"index","follow":"follow","max-snippet":"max-snippet:-1","max-image-preview":"max-image-preview:large","max-video-preview":"max-video-preview:-1"},"canonical":"https:\/\/rocksenterprise.com\/Rocks\/mentions-legales\/","og_locale":"fr_FR","og_type":"article","og_title":"Mentions l\u00e9gales - ROCKS","og_description":"Mention L\u00e9gales 1. \u00c9diteur du site Raison sociale : Rocks EnterpriseForme juridique : SARLAdresse : 11 rue du docteur Labarri\u00e8re 78300 Poissy FRANCET\u00e9l\u00e9phone : [num\u00e9ro]Email : [email]Responsable de publication : St\u00e9phane Raux 2. H\u00e9bergement H\u00e9bergeur : LWS (Ligne Web Services)Adresse : 10, Rue Penthi\u00e8vre, 75008 Paris, FranceSite web : https:\/\/www.lws.fr 3. Propri\u00e9t\u00e9 intellectuelle Tous les [&hellip;]","og_url":"https:\/\/rocksenterprise.com\/Rocks\/mentions-legales\/","og_site_name":"ROCKS","article_modified_time":"2025-08-29T15:32:09+00:00","twitter_card":"summary_large_image","twitter_misc":{"Dur\u00e9e de lecture estim\u00e9e":"1 minute"},"schema":{"@context":"https:\/\/schema.org","@graph":[{"@type":"WebPage","@id":"https:\/\/rocksenterprise.com\/Rocks\/mentions-legales\/","url":"https:\/\/rocksenterprise.com\/Rocks\/mentions-legales\/","name":"Mentions l\u00e9gales - ROCKS","isPartOf":{"@id":"https:\/\/rocksenterprise.com\/Rocks\/#website"},"datePublished":"2025-08-28T06:58:33+00:00","dateModified":"2025-08-29T15:32:09+00:00","breadcrumb":{"@id":"https:\/\/rocksenterprise.com\/Rocks\/mentions-legales\/#breadcrumb"},"inLanguage":"fr-FR","potentialAction":[{"@type":"ReadAction","target":["https:\/\/rocksenterprise.com\/Rocks\/mentions-legales\/"]}]},{"@type":"BreadcrumbList","@id":"https:\/\/rocksenterprise.com\/Rocks\/mentions-legales\/#breadcrumb","itemListElement":[{"@type":"ListItem","position":1,"name":"Home","item":"https:\/\/rocksenterprise.com\/Rocks\/"},{"@type":"ListItem","position":2,"name":"Mentions l\u00e9gales"}]},{"@type":"WebSite","@id":"https:\/\/rocksenterprise.com\/Rocks\/#website","url":"https:\/\/rocksenterprise.com\/Rocks\/","name":"ROCKS","description":"Votre bureau d&#039;\u00e9tude et D\u00e9veloppement","publisher":{"@id":"https:\/\/rocksenterprise.com\/Rocks\/#organization"},"potentialAction":[{"@type":"SearchAction","target":{"@type":"EntryPoint","urlTemplate":"https:\/\/rocksenterprise.com\/Rocks\/?s={search_term_string}"},"query-input":{"@type":"PropertyValueSpecification","valueRequired":true,"valueName":"search_term_string"}}],"inLanguage":"fr-FR"},{"@type":"Organization","@id":"https:\/\/rocksenterprise.com\/Rocks\/#organization","name":"ROCKS Enterprise","url":"https:\/\/rocksenterprise.com\/Rocks\/","logo":{"@type":"ImageObject","inLanguage":"fr-FR","@id":"https:\/\/rocksenterprise.com\/Rocks\/#\/schema\/logo\/image\/","url":"https:\/\/rocksenterprise.com\/wp-content\/uploads\/2025\/05\/ROCKS-logo-long-bleu-nuit-fond-blanc.jpeg","contentUrl":"https:\/\/rocksenterprise.com\/wp-content\/uploads\/2025\/05\/ROCKS-logo-long-bleu-nuit-fond-blanc.jpeg","width":14869,"height":5525,"caption":"ROCKS Enterprise"},"image":{"@id":"https:\/\/rocksenterprise.com\/Rocks\/#\/schema\/logo\/image\/"}}]}},"_links":{"self":[{"href":"https:\/\/rocksenterprise.com\/Rocks\/wp-json\/wp\/v2\/pages\/63","targetHints":{"allow":["GET"]}}],"collection":[{"href":"https:\/\/rocksenterprise.com\/Rocks\/wp-json\/wp\/v2\/pages"}],"about":[{"href":"https:\/\/rocksenterprise.com\/Rocks\/wp-json\/wp\/v2\/types\/page"}],"author":[{"embeddable":true,"href":"https:\/\/rocksenterprise.com\/Rocks\/wp-json\/wp\/v2\/users\/1"}],"replies":[{"embeddable":true,"href":"https:\/\/rocksenterprise.com\/Rocks\/wp-json\/wp\/v2\/comments?post=63"}],"version-history":[{"count":0,"href":"https:\/\/rocksenterprise.com\/Rocks\/wp-json\/wp\/v2\/pages\/63\/revisions"}],"wp:attachment":[{"href":"https:\/\/rocksenterprise.com\/Rocks\/wp-json\/wp\/v2\/media?parent=63"}],"curies":[{"name":"wp","href":"https:\/\/api.w.org\/{rel}","templated":true}]}}